 when 323127 is divided by 323115.
12
What is the remainder when 72395 is divided by 96?
11
Calculate the remainder when 4885 is divided by 1615.
40
What is the remainder when 17527 is divided by 4381?
3
Calculate the remainder when 6615 is divided by 73.
45
Calculate the remainder when 5726 is divided by 53.
2
Calculate the remainder when 5680 is divided by 1125.
55
What is the remainder when 272435 is divided by 490?
485
What is the remainder when 88860 is divided by 93?
45
What is the remainder when 27180 is divided by 13579?
22
What is the remainder when 137659 is divided by 1197?
4
What is the remainder when 1407 is divided by 1384?
23
What is the remainder when 118473 is divided by 90?
33
Calculate the remainder when 1879930 is divided by 341.
338
Calculate the remainder when 45774 is divided by 45764.
10
Calculate the remainder when 6280 is divided by 29.
16
Calculate the remainder when 744721 is divided by 3103.
1
Calculate the remainder when 13578 is divided by 35.
33
What is the remainder when 3668 is divided by 1228?
1212
Calculate the remainder when 4165203 is divided by 17.
16
Calculate the remainder when 11723 is divided by 1299.
32
Calculate the remainder when 53575 is divided by 53353.
222
What is the remainder when 283995 is divided by 730?
25
What is the remainder when 2640 is divided by 1297?
46
What is the remainder when 8908028 is divided by 1857?
1856
What is the remainder when 2452 is divided by 6?
4
What is the remainder when 2387 is divided by 19?
12
What is the remainder when 46226 is divided by 254?
252
What is the remainder when 3392 is divided by 189?
179
What is the remainder when 4090 is divided by 214?
24
What is the remainder when 6004799 is divided by 139?
138
What is the remainder when 180425 is divided by 1049?
1046
Calculate the remainder when 118022 is divided by 901.
892
Calculate the remainder when 215653 is divided by 107818.
17
What is the remainder when 46497 is divided by 7748?
9
What is the remainder when 1047698 is divided by 584?
2
What is the remainder when 33673 is divided by 220?
13
Calculate the remainder when 32181 is divided by 2681.
9
What is the remainder when 35 is divided by 3?
2
Calculate the remainder when 409217 is divided by 370.
367
What is the remainder when 138095 is divided by 84?
83
What is the remainder when 106405 is divided by 35?
5
What is the remainder when 135227 is divided by 1878?
11
What is the remainder when 1860 is divided by 89?
80
What is the remainder when 56828 is divided by 444?
440
What is the remainder when 3721 is divided by 58?
9
What is the remainder when 4327 is divided by 309?
1
Calculate the remainder when 1086 is divided by 266.
22
What is the remainder when 698518 is divided by 547?
546
What is the remainder when 2200746 is divided by 21?
9
Calculate the remainder when 3428 is divided by 132.
128
Calculate the remainder when 2380 is divided by 12.
4
Calculate the remainder when 22067 is divided by 188.
71
Calculate the remainder when 726 is divided by 707.
19
What is the remainder when 13665 is divided by 2713?
100
Calculate the remainder when 21756 is divided by 444.
0
What is the remainder when 376 is divided by 199?
177
What is the remainder when 38363 is divided by 49?
45
What is the remainder when 350013 is divided by 12963?
12
What is the remainder when 12476 is divided by 498?
26
Calculate the remainder when 9043 is divided by 2938.
229
What is the remainder when 625998 is divided by 21586?
4
What is the remainder when 24657 is divided by 3?
0
Calculate the remainder when 990 is divided by 469.
52
What is the remainder when 400994 is divided by 47?
37
Calculate the remainder when 193073 is divided by 158.
155
What is the remainder when 107768 is divided by 65?
63
Calculate the remainder when 12849 is divided by 21.
18
Calculate the remainder when 22345 is divided by 37.
34
Calculate the remainder when 1592 is divided by 14.
10
What is the remainder when 10916 is divided by 15?
11
Calculate the remainder when 23320 is divided by 26.
24
Calculate the remainder when 3754 is divided by 744.
34
What is the remainder when 150051 is divided by 54?
39
Calculate the remainder when 3153267 is divided by 30.
27
What is the remainder when 126997 is divided by 756?
745
What is the remainder when 71384 is divided by 479?
13
Calculate the remainder when 1971 is divided by 250.
221
Calculate the remainder when 4263 is divided by 52.
51
Calculate the remainder when 3282 is divided by 284.
158
Calculate the remainder when 2614715 is divided by 10.
5
Calculate the remainder when 682 is divided by 126.
52
What is the remainder when 16573 is divided by 8282?
9
What is the remainder when 6573 is divided by 6502?
71
Calculate the remainder when 4666 is divided by 1540.
46
Calculate the remainder when 9225 is divided by 51.
45
What is the remainder when 118609 is divided by 573?
571
Calculate the remainder when 8477 is divided by 1145.
462
Calculate the remainder when 125559 is divided by 172.
171
Calculate the remainder when 161759 is divided by 32.
31
Calculate the remainder when 15930 is divided by 69.
60
What is the remainder when 15117 is divided by 15066?
51
Calculate the remainder when 1241 is divided by 1233.
8
Calculate the remainder when 6996 is divided by 44.
0
What is the remainder when 15330 is divided by 302?
230
Calculate the remainder when 3863 is divided by 476.
55
Calculate the remainder when 3990 is divided by 170.
80
What is the remainder when 17868 is divided by 20?
8
What is the remainder when 22945 is divided by 2294?
5
Calculate the remainder when 40283 is divided by 5033.
19
What is the remainder when 24224 is divided by 1513?
16
What is the remainder when 144657 is divided by 225?
207
What is the remainder when 7060 is divided by 58?
42
What is the remainder when 8964 is divided by 300?
264
Calculate the remainder when 1955 is divided by 432.
227
What is the remainder when 9670 is divided by 3204?
58
Calculate the remainder when 45981 is divided by 6562.
47
Calculate the remainder when 5100 is divided by 655.
515
Calculate the remainder when 1062 is divided by 315.
117
What is the remainder when 2381 is divided by 2362?
19
What is the remainder when 2196109 is divided by 289?
287
What is the remainder when 181327 is divided by 1992?
55
Calculate the remainder when 8634 is divided by 68.
66
What is the remainder when 51373 is divided by 34?
33
What is the remainder when 581 is divided by 207?
167
Calculate the remainder when 29353 is divided by 164.
161
Calculate the remainder when 3744 is divided by 1545.
654
What is the remainder when 195065 is divided by 127?
120
Calculate the remainder when 12209 is divided by 50.
9
Calculate the remainder when 999 is divided by 183.
84
Calculate the remainder when 1534 is divided by 1518.
16
What is the remainder when 4339 is divided by 28?
27
What is the remainder when 92 is divided by 29?
5
Calculate the remainder when 20290 is divided by 4026.
160
What is the remainder when 237420 is divided by 61?
8
Calculate the remainder when 17897085 is divided by 38.
35
What is the remainder when 1690257 is divided by 985?
982
Calculate the remainder when 1016 is divided by 90.
26
Calculate the remainder when 33887 is divided by 2420.
7
Calculate the remainder when 9551 is divided by 354.
347
What is the remainder when 33142 is divided by 127?
122
Calculate the remainder when 105558 is divided by 232.
230
Calculate the remainder when 2234 is divided by 697.
143
What is the remainder when 18821 is divided by 35?
26
Calculate the remainder when 8591 is divided by 162.
5
What is the remainder when 83226 is divided by 1849?
21
Calculate the remainder when 3113 is divided by 101.
83
What is the remainder when 1915 is divided by 585?
160
Calculate the remainder when 238577 is divided by 6.
5
Calculate the remainder when 6121 is divided by 470.
11
Calculate the remainder when 340 is divided by 36.
16
What is the remainder when 34461 is divided by 8560?
221
Calculate the remainder when 3344 is divided by 257.
3
What is the remainder when 781 is divided by 149?
36
What is the remainder when 106457 is divided by 20?
17
What is the remainder when 232088 is divided by 2072?
24
Calculate the remainder when 547 is divided by